 266. Calculate the greatest common factor of 9 and a.
9
Suppose -33*y + 1725 = -28*y. What is the highest common divisor of y and 120?
15
Suppose 4*b + 15 + 11 = 2*l, 3*b = -6. Let m be (-12*l)/(-2)*(-2)/(-3). What is the greatest common factor of 4 and m?
4
Let u(n) = 2*n**2. Let z be u(1). Suppose 0*b + 9 = -2*m + 3*b, 3*b = 3. Let v = 4 + m. Calculate the highest common factor of v and z.
1
Suppose 0*v = v - 32. Suppose 4*m - v = -2*q + 16, -4*q - 14 = -2*m. What is the highest common factor of m and 88?
11
Let d(i) = 603*i**2 + 6*i + 5. Let z be d(-1). Calculate the greatest common factor of 172 and z.
86
Suppose -6*m = -11*m + 225. Calculate the greatest common divisor of 18 and m.
9
Suppose 4*j + 122 = -2*p, -5*j + 3*p - 88 = 70. Let v = 36 + j. What is the greatest common divisor of v and 1?
1
Let p(t) = 10*t + 5. Let m be p(3). Let l = m + -5. Let s = 11 - 5. What is the highest common factor of s and l?
6
Suppose 4*u + 4 + 6 = 3*z, 4*z - u + 4 = 0. Let j be 262 + (-1 - (z + (-1 - -4))). Calculate the greatest common factor of j and 26.
26
Let s(p) = p**3 + 2*p**2 + 1. Let n be s(-2). Let d(f) = 7*f**3 - 2*f**2 + 1. Let u be d(n). What is the highest common divisor of u and 12?
6
Let j be 46/8 - (-2)/8. Let w be (12/(-9))/(j/(-36)). Let v(p) = -2*p**3 - 7*p**2 - 4*p. Let b be v(-4). Calculate the highest common divisor of w and b.
8
Let n be (-117)/2*(-5)/((-30)/(-12)). Suppose 12*o - n = 11*o. Calculate the greatest common factor of 13 and o.
13
Let r(d) = 10*d - 110. Let z be r(12). Calculate the greatest common divisor of z and 790.
10
Suppose 0 = -t - 3*t. Suppose -4*q + 440 = -u + 3*u, 5*q - 3*u - 572 = t. Suppose -2*y - 439 = -29*y - 7. Calculate the highest common divisor of y and q.
16
Let r be 12/(-16)*(-7 - -3). Let h be 2/8 - (-57)/12. Suppose 0 = r*w - h*w + 28. Calculate the greatest common divisor of 14 and w.
14
Let w be 0 + 9/6 + (-350)/(-4). Suppose -5*i - h = -w + 19, -5*h - 28 = -2*i. What is the highest common divisor of 42 and i?
14
Let f be (-18)/3 - -3 - 0. Let d be -3*1/f + 0. Let j be -1*(d - 13)/4. Calculate the highest common divisor of j and 15.
3
Let b be 3 + (6 - -3) + 2. Let o = 8 - b. Let z(y) = y**2 + 3*y + 6. Let t be z(o). Calculate the highest common divisor of t and 60.
12
Suppose 0 = -4*n - 0 + 72. Let h be (-2)/((-1)/(-6)*-1). What is the greatest common factor of n and h?
6
Suppose 29*t + 356 = 1806. Calculate the greatest common factor of t and 475.
25
Let g(j) = 2*j + 5. Let k(z) = -2*z - 5. Let o(r) = 5*g(r) + 4*k(r). Let c be o(2). Calculate the highest common factor of c and 99.
9
Let i(c) = 3*c + 49. Let b be i(1). Calculate the highest common divisor of 364 and b.
52
Suppose 5*a - 2*q - 7 - 8 = 0, 3 = a + 3*q. Suppose 33 = 3*f + 3*n, a*f - n = 3 + 14. Calculate the greatest common factor of 49 and f.
7
Let b(o) = -7*o**2 - 5*o + 11. Let c be b(-7). Let x be (-1)/(18/(-24))*c/(-2). Calculate the highest common factor of 22 and x.
22
Let d be (17 - 336/16)*60/(-1). What is the greatest common divisor of d and 42?
6
Let n be (-84)/63*(-6)/(-4). Let w be ((-18)/30)/(n/20). What is the greatest common divisor of w and 12?
6
Let x be (-2 - -1)/((-1)/14). Suppose -3*q - 5*d - 11 = 0, 5*q - 5*d = q - 3. Let w = x + q. What is the greatest common factor of w and 84?
12
Let u(a) = -a**2 - 17*a + 183. Let k be u(-23). Calculate the highest common divisor of k and 90.
45
Suppose -2*d - 2*a = -38, 73 = 4*d - 2*a + 3*a. Let b be 60/d - (-2)/(-6). Calculate the highest common factor of 21 and b.
3
Let m = 22 + -18. Let y be ((-228)/24)/((-2)/m). Suppose 7 = -n + y. Calculate the highest common divisor of n and 60.
12
Suppose 3*d + d = 4*v - 252, -v - 5*d + 57 = 0. What is the greatest common factor of 1054 and v?
62
Suppose 5*l - 15 = -v, 75 = 5*v + 3*l - 0*l. Suppose 810 = -5*g + 11*g. What is the greatest common divisor of v and g?
15
Suppose -160*o + 159*o = -117. Suppose 28 = -5*u + 93. Calculate the greatest common factor of u and o.
13
Let j = 218 + -128. Let l(h) = -7*h**2 + 80*h - 3. Let f be l(11). What is the greatest common factor of j and f?
30
Let v be (-14 + 6/3)/(3/(-8)). Let s = v + -10. Suppose -152 = -3*o + 13. What is the greatest common factor of s and o?
11
Suppose 0 = -3*h + 2*o + 88, -o - 24 = -h + 6. Calculate the greatest common factor of h and 28.
28
Let w = 36 - 241. Suppose k = -5*x - 1621, 2*x - 646 = 4*x + k. Let b = w - x. What is the highest common divisor of 24 and b?
24
Suppose 4*v = 341 + 259. Let z = 16 + -11. Suppose 0 = 11*o - z*o - 360. Calculate the greatest common divisor of o and v.
30
Let j(a) = -7*a - 8. Suppose -3*c + 18 = 24. Let g be j(c). Suppose -w = w + 2*m - g, -w = -2*m - 3. What is the greatest common divisor of 6 and w?
3
Let t = 24 + -22. Suppose 0 = -j - t - 1. Let k = 9 - j. Calculate the greatest common factor of k and 24.
12
Let i(n) = -4*n - 11. Let v be i(-4). Let r(d) = d**2 + 2. Let s be r(v). Let z = 22 - -5. What is the highest common factor of z and s?
27
Suppose -4*i + 78 = 2*k, 0 = 6*k - 10*k - 12. Suppose 0 = 3*a - 5*b - 37, 11 = a + 5*b - 8. What is the highest common divisor of i and a?
7
Suppose 3*m - 5*h = 112, -h + 0*h = -3*m + 92. Suppose -4*n - 5*s = 65, -m = n - 0*s - 3*s. Let d = n + 33. What is the highest common factor of d and 52?
13
Suppose 6*n + 28 = t + n, -5*t + 5*n + 140 = 0. Let m = -34 - -42. Let x be (-3)/(-6) - (-52)/m. Calculate the greatest common factor of t and x.
7
Let q(j) = j + 9. Let g be q(-6). Suppose 0 = 4*x + 3*f - 31, -g*f + 2 = -2*x - 5. Calculate the highest common factor of 36 and x.
4
Suppose -2*j + 5 = 2*a + 1, -j + 2 = -2*a. Suppose a = -2*u - u + 9. Let k be (3 - u) + (-1 - -188). Calculate the highest common factor of k and 17.
17
Let j(l) = l**3 + 4*l**2 - l - 4. Let y be j(-4). Let u = y - -19. Calculate the highest common factor of 38 and u.
19
Let f = 1127 + -865. What is the greatest common divisor of f and 2?
2
Suppose -2*d + 976 = -12. Calculate the highest common divisor of d and 26.
26
Suppose 6350 = 78*q + 1202. What is the highest common divisor of 198 and q?
66
Let a = -131 + 147. Let f be (92/5)/(a/200). Calculate the highest common divisor of f and 10.
10
Let t(d) = 3*d**2 - 3*d + 20. Let w be t(5). What is the greatest common divisor of 15 and w?
5
Suppose 3*i - 5 = -s, 3*i - i + 13 = -3*s. Let c = 41 - s. What is the greatest common divisor of 120 and c?
24
Let w(f) = 6*f**2 + 5*f + 16. Let y(t) = t**2 + t + 3. Let q(c) = -2*w(c) + 11*y(c). Let l be q(0). What is the greatest common factor of 3 and l?
1
Let k(u) = 7*u**2 + 3*u + 3. Let b be k(-4). What is the highest common factor of b and 2575?
103
Suppose -5*j - 175 = -2*j - 5*b, 0 = 4*b - 20. Let l = j + 89. Let f = -17 + l. What is the greatest common factor of f and 2?
2
Suppose -20*c - 5*f + 52 = -16*c, 4*f = -3*c + 39. Calculate the greatest common divisor of 52 and c.
13
Suppose -20 = -4*y, -p - 2*p - 2*y = 5. Let w be ((-27)/6)/((p/(-6))/(-5)). Let u be 5 + 4/(-1) + 2. Calculate the greatest common factor of u and w.
3
Let l be (-2)/(-9) - (-10 + (-46476)/81). What is the highest common factor of 73 and l?
73
Suppose -31 + 15 = -2*h. Suppose -h*v + 7*v = -9. Calculate the highest common factor of v and 99.
9
Let c = -113 + 118. Suppose -u = r + 2*u - 16, u - 136 = -c*r. Calculate the highest common factor of 140 and r.
28
Let k(b) = -b**3 + 15*b**2 - 11*b - 30. Let y be k(14). Let i = 22 - 10. Suppose 3*u - 24 = i. Calculate the highest common divisor of y and u.
12
Let w = -178 - -273. Let k(q) = 4*q + 11. Let c be k(-3). Let a be 19/c*(9 - 10). Calculate the greatest common divisor of a and w.
19
Let o = -3 + 5. Suppose 45 = o*r - 43. Calculate the greatest common factor of 11 and r.
11
Let u = 247 + -232. What is the highest common factor of u and 6?
3
Let b(z) = -z**3 + 6*z**2 - 8*z + 5. Let m be b(5). Let g be 3*2*m/(-4). Suppose 5*j = 30 + g. What is the highest common factor of j and 81?
9
Suppose 0 = -2*q - 2*t + 10 + 6, 72 = 5*q - 3*t. Calculate the greatest common divisor of 9 and q.
3
Let x be (50/1 + 4)*(-6)/(-9). Calculate the greatest common factor of x and 900.
36
Let o(k) = k**2 + 17*k - 122. Let q be o(-23). What is the greatest common divisor of 24 and q?
8
Suppose -42 = 4*t + 4*m - 274, 5*m = 20.